is the thousands digit of (-4)/(-54)*170463 + 1036/9324?
2
Let u be (-30 + 1408/44)/(4/82). Let s(t) = 28*t**2 + 2*t - 2. Let n be s(3). Let v = n - u. What is the hundreds digit of v?
2
Let d(l) be the third derivative of 19*l**4/12 + l**3/6 - 15*l**2. Let o be d(1). Suppose -b = 3, z - 5*b - 142 = o. What is the tens digit of z?
6
Let i = 1306 + -1261. Let h be 1/(1/(0 - -67)). Let z = h - i. What is the tens digit of z?
2
Let g(q) = q**2 - 2*q - 35. Let p be g(-5). Suppose 52*z - 48*z - 1988 = p. What is the units digit of z?
7
What is the thousands digit of (1248773/(-93))/((-7 - -4) + 8/3)?
0
Let h be (-18)/(10 - 4) + 178. Suppose -8*k + h = -7*k. What is the tens digit of k?
7
Suppose l - 6*s - 3018 = 35478, 5*l = 4*s + 192480. What is the tens digit of l?
9
What is the tens digit of 4/18 + (96588622/2790 - (-1)/5)?
2
Let x(c) = 31*c**2 - 124*c + 38. Let j be x(25). Suppose j - 2177 = 24*k. What is the tens digit of k?
8
Let p = 291 - -9977. What is the thousands digit of p?
0
Let z = 103207 + -57269. What is the ten thousands digit of z?
4
Let x(h) = 4*h + 35. Let y be x(-9). Let w be y/(-1) - (-21 + -137). Suppose w = l + 23. What is the hundreds digit of l?
1
Suppose 0 = -15*b + 17021 + 115099. Suppose -b = -18*i - 924. What is the tens digit of i?
3
Let r(w) = -4*w + 8. Let o be r(2). Suppose o = -4*b - 57 + 233. Suppose -11 = k - b. What is the units digit of k?
3
Suppose -3*s = s - 72. Let b(r) = 32*r - 191. Let o be b(6). What is the units digit of -3 - (o + -7)/(s/276)?
9
Let h(g) = -g**3 + 60*g**2 + 82*g - 206. What is the thousands digit of h(39)?
4
Suppose -46*v - 36*v + 916598 = -44*v. What is the thousands digit of v?
4
Let c = 38 - 390. Let o = c - -656. What is the units digit of o?
4
Suppose -5*s - 16 = -36. Suppose -o - 3*j + 322 = 0, s*o - 307 = 3*o + 2*j. What is the hundreds digit of o?
3
Suppose -8*p + 7070 = 3*p + 1768. What is the units digit of p?
2
Let k = 319 - 311. What is the thousands digit of -1 - (8 - k - 1134)?
1
Suppose 3*q = -2*q - 25. Let m be (1 + -1 - (3 + q)) + 1. Suppose -m*r + 57 = 3*t, t = 10*r - 6*r + 9. What is the units digit of t?
7
What is the tens digit of (-755440)/168*12/20*-2?
9
Let p = 161 + -154. Suppose -1277 = -p*s - 150. What is the units digit of s?
1
Suppose 0 = 226*l - 230*l + 86572. What is the tens digit of l?
4
Let i = -42 + 34. Let v be (-12)/(-8) + (-4)/i. Suppose 34 = 2*l + v. What is the tens digit of l?
1
Let k = -7718 - -14880. Suppose k = 4*u + 4*z - 3*z, z + 5368 = 3*u. What is the thousands digit of u?
1
What is the tens digit of 4/(-14) - (2683/(-7) + 110/22)?
7
Let p be (-330)/45*(-33)/1. Let q be (-46)/11 - (-44)/p. Let w(h) = -h**3 - 4*h**2 - 4*h + 3. What is the tens digit of w(q)?
1
Suppose 13966 = 429*g - 427*g. What is the units digit of g?
3
Let x be (-3)/((-27)/6)*-3 + -612. Let m = 798 - x. What is the tens digit of m?
1
Let t be (3/(-2))/((-4)/40*3). Let r be 1/t + (-142)/10. Let n = 30 - r. What is the tens digit of n?
4
Let m(s) = -s - 10. Let z be m(-9). What is the tens digit of 4/((-4)/(-55)) - (0 - z)?
5
Suppose -4*t + 74 - 2 = 0. Let o be -1 - -3 - t/3. Let p = o - -27. What is the units digit of p?
3
Suppose 2*u + 4*t - 25704 = -0*t, -t = 4. What is the ten thousands digit of u?
1
Let q(z) = 9*z**3 - 3*z**2 + 2*z - 6. Let f(d) = -d**2 - 22*d + 4. Let t be f(-22). What is the hundreds digit of q(t)?
5
Let c = 1659 + 323. Suppose c + 1978 = 9*r. What is the units digit of r?
0
Let o(d) = -d**3 - 8*d**2 - 12*d - 5. Let a be o(-6). What is the hundreds digit of ((-7672)/140)/(1/a)?
2
Suppose -2*s + 8*s = 0. Let u(l) = 5*l - 154 + 11*l**2 + s*l + 144. What is the tens digit of u(-4)?
4
Let n(x) = -x**3 - 8*x**2 + 4*x + 29. Let l be n(-6). Let v = l + 61. What is the hundreds digit of (-713)/v - 5/6?
1
Let r(l) = 48*l + 10. Let y(k) = -48*k - 11. Let q(v) = -5*r(v) - 4*y(v). Let x be (3 + -1)*-1 - 1. What is the tens digit of q(x)?
3
Suppose -6*f + 2227 = -797. Suppose -3*z + z = -f. What is the hundreds digit of z?
2
Let h = 19479 - 17513. What is the hundreds digit of h?
9
Suppose -568 = -4*o - 460. Suppose o*i - 21796 + 2788 = 0. What is the units digit of i?
4
Suppose 0*o = 8*o - 40. Suppose s = o*s - 32. Let b = 53 + s. What is the tens digit of b?
6
Suppose 2*a - 73 = -5*h, -4*h + 3 + 1 = 0. Suppose -211 = 7*b + a. What is the hundreds digit of -38*(-10)/(-2)*21/b?
1
Suppose v + 2*h = 18331, -5*v + 104*h = 108*h - 91697. What is the units digit of v?
5
Let f(k) = 91*k**3 + 464*k**2 + 5*k + 12. What is the units digit of f(6)?
2
Suppose 4*i - 3*a = -9, 0 = 2*a + 5 - 3. What is the hundreds digit of (6/i)/2*-1*310?
3
Let u(v) = 7*v**2 - 6*v + 16. Let x = -347 + 338. What is the hundreds digit of u(x)?
6
Suppose 11*p = -169 + 686. Suppose 0 = -3*x - u + 189, -x + p + 9 = -2*u. What is the tens digit of x?
6
Suppose 2*d + 0*d - 2*y - 58 = 0, 3*d + 2*y = 72. Let v = -2 + d. Suppose q = -5*r + v, -7*r = 4*q - 4*r - 164. What is the units digit of q?
4
Let r be 72/(-84)*14/(-4). Suppose 80 = -5*z - 4*f, -4*z + r*f - 80 = 15. What is the tens digit of (-715)/z + 2/8?
3
What is the thousands digit of (0 - -2)*(5 - 724)/((-4)/4)?
1
Suppose -10*b = -5*b - 9125. Let z = b + -1182. What is the units digit of z?
3
Let s(g) = -7*g - 25. Let k(n) = 8*n + 25. Let a(p) = -3*k(p) - 4*s(p). Suppose 5*j = -35 + 75. What is the tens digit of a(j)?
5
Suppose -3*g + j = -1484, 5*j - 468 = -17*g + 16*g. Let a = 1005 + g. What is the thousands digit of a?
1
What is the units digit of 0 + 0 + 48762 + -1 + (-8 - -7)?
0
Let v = 244 + -242. Suppose 0 = 5*f + 2*m - 12, -4*f - 2*m = m - 4. Suppose v*g - g = 2*x + 61, f*x - 31 = -g. What is the units digit of g?
1
Let l be -5*2/8 - (-66)/(-88). Let u be (-3)/(-30)*5*-4. What is the tens digit of l/4*(-62 - (-6 - u))?
2
Suppose 37*t + 990786 - 2901577 = 0. What is the ten thousands digit of t?
5
Suppose -4*w + 200 = 4*g, -53*g = -5*w - 57*g + 254. Let m(l) = 2*l**2 + 7*l - 1. Let x be m(-6). Suppose -20*d - w = -x*d. What is the units digit of d?
6
Let a = -57 - -60. Suppose -6*k = -2*k - a*u - 333, k + 4*u - 69 = 0. Let s = k + 97. What is the hundreds digit of s?
1
Let g(n) = 24*n**2 - 51*n + 77. What is the thousands digit of g(-28)?
0
What is the thousands digit of (7/21)/(((-144)/(-4845042))/8)?
9
Let o(u) = -3*u**3 + u**2 + 4*u + 25247. What is the units digit of o(0)?
7
Let q(x) = -9*x - 10. Let s be q(-10). Suppose -12*j - 63 = -33*j. Suppose 6*f = h + 4*f - s, h - 75 = j*f. What is the tens digit of h?
9
Let i = 314 + -403. Let h = 247 - i. What is the units digit of h?
6
Let u = 108 + -105. Suppose 5*z - 1801 = 7*f - 3*f, -4*f = -u*z + 1087. What is the hundreds digit of z?
3
Let k(w) be the second derivative of -w**4/12 + 2*w**3/3 + 4*w**2 - 11*w. Let v be k(6). What is the units digit of (v - -2) + 0 - -10?
8
Let h(d) = -d**2 - 23*d + 785. Let o be h(0). Suppose -c - o = -47*a + 43*a, -c + 783 = 4*a. What is the tens digit of a?
9
Suppose 2*a = -6, 12 = -d - 11*a + 6*a. Suppose 0 = 4*l + 3*f - 4*f - 434, 0 = 4*l - 2*f - 436. Suppose d*s - l = -s. What is the units digit of s?
7
Let z(y) = -12*y**2 - 16 + 24*y**2 - 4*y - 10 - y**3. What is the units digit of z(11)?
1
Suppose 3*k - 36 + 51 = 0, -g + 5*k = -42. Let o(d) = 4*d**2 - 22*d + 284. What is the hundreds digit of o(g)?
0
Let u be (4/(-2))/(4/(-114)). Let w be (-2 + 10/3)*780/(-40). Let o = w + u. What is the units digit of o?
1
Let t(n) = -6*n**2 + 15*n - 15. Let l be t(1). What is the units digit of (267/l)/(4/(-72))?
1
Suppose 8 = -2*g, -r + 5*r = g + 59704. What is the thousands digit of r?
4
Suppose 56*y = 54*y + 2806. Let s = 2077 - y. What is the units digit of s?
4
Let l(b) = 97*b**2 - 13*b - 38. Let j be l(-4). Let s = -953 + j. What is the units digit of s?
3
Let w(i) = 161*i**2 + 562 - 18*i - 316*i**2 - 120 + 157*i**2. What is the tens digit of w(0)?
4
Suppose -4*u = -4*c + 22640, 0 = 17*c - 14*c + 2*u - 16985. What is the thousands digit of c?
5
Suppose 9*m - 8*m = -2*y - 2087, y - 3*m + 1026 = 0. Let v = -529 - y. What is the hundreds digit of v?
5
Suppose 65*v + 896 = 33*v. Let u = v - -495. What is the units digit of u?
7
Let c = -3476 - -8132. What is the tens digit of c?
5
What is the tens digit of ((-4)/(-30) + (-4129977)/90)/((-21)/42)?
7
Let